{"id":325,"date":"2020-09-29T18:58:49","date_gmt":"2020-09-29T18:58:49","guid":{"rendered":"http:\/\/caribbean-candle.com\/panier"},"modified":"2025-05-05T21:11:09","modified_gmt":"2025-05-06T01:11:09","slug":"panier","status":"publish","type":"page","link":"https:\/\/caribbean-candle.com\/?page_id=325","title":{"rendered":"Panier"},"content":{"rendered":"<div class=\"wp-block-image\">\n<figure class=\"aligncenter size-large is-resized\"><img loading=\"lazy\" decoding=\"async\" width=\"1024\" height=\"384\" src=\"https:\/\/caribbean-candle.com\/wp-content\/uploads\/2025\/05\/5-1-1024x384.png\" alt=\"\" class=\"wp-image-5215\" style=\"width:666px;height:auto\" srcset=\"https:\/\/caribbean-candle.com\/wp-content\/uploads\/2025\/05\/5-1-1024x384.png 1024w, https:\/\/caribbean-candle.com\/wp-content\/uploads\/2025\/05\/5-1-300x113.png 300w, https:\/\/caribbean-candle.com\/wp-content\/uploads\/2025\/05\/5-1-768x288.png 768w, https:\/\/caribbean-candle.com\/wp-content\/uploads\/2025\/05\/5-1-1536x576.png 1536w, https:\/\/caribbean-candle.com\/wp-content\/uploads\/2025\/05\/5-1-2048x768.png 2048w, https:\/\/caribbean-candle.com\/wp-content\/uploads\/2025\/05\/5-1-600x225.png 600w\" sizes=\"auto, (max-width: 1024px) 100vw, 1024px\" \/><\/figure><\/div>\n\n<div class=\"woocommerce\"><div class=\"woocommerce-notices-wrapper\"><\/div><div class=\"wc-empty-cart-message\">\n\t<div class=\"cart-empty woocommerce-info\" role=\"status\">\n\t\tVotre panier est actuellement vide.\t<\/div>\n<\/div>\t<p class=\"return-to-shop\">\n\t\t<a class=\"button wc-backward\" href=\"https:\/\/caribbean-candle.com\/\">\n\t\t\tRetour \u00e0 la boutique\t\t<\/a>\n\t<\/p>\n<\/div>\n","protected":false},"excerpt":{"rendered":"","protected":false},"author":1,"featured_media":0,"parent":0,"menu_order":8,"comment_status":"closed","ping_status":"closed","template":"","meta":{"pmpro_default_level":"","footnotes":""},"class_list":["post-325","page","type-page","status-publish","hentry","pmpro-has-access"],"yoast_head":"<!-- This site is optimized with the Yoast SEO plugin v26.8 - https:\/\/yoast.com\/product\/yoast-seo-wordpress\/ -->\n<title>Panier - CARIBBEAN CANDLE<\/title>\n<meta name=\"robots\" content=\"index, follow, max-snippet:-1, max-image-preview:large, max-video-preview:-1\" \/>\n<link rel=\"canonical\" href=\"https:\/\/caribbean-candle.com\/?page_id=325\" \/>\n<meta property=\"og:locale\" content=\"fr_FR\" \/>\n<meta property=\"og:type\" content=\"article\" \/>\n<meta property=\"og:title\" content=\"Panier - CARIBBEAN CANDLE\" \/>\n<meta property=\"og:url\" content=\"https:\/\/caribbean-candle.com\/?page_id=325\" \/>\n<meta property=\"og:site_name\" content=\"CARIBBEAN CANDLE\" \/>\n<meta property=\"article:publisher\" content=\"https:\/\/www.facebook.com\/Caribbean-Candle-109510090928708\" \/>\n<meta property=\"article:modified_time\" content=\"2025-05-06T01:11:09+00:00\" \/>\n<meta property=\"og:image\" content=\"https:\/\/caribbean-candle.com\/wp-content\/uploads\/2025\/05\/5-1-1024x384.png\" \/>\n\t<meta property=\"og:image:width\" content=\"1024\" \/>\n\t<meta property=\"og:image:height\" content=\"384\" \/>\n\t<meta property=\"og:image:type\" content=\"image\/png\" \/>\n<meta name=\"twitter:card\" content=\"summary_large_image\" \/>\n<meta name=\"twitter:label1\" content=\"Dur\u00e9e de lecture estim\u00e9e\" \/>\n\t<meta name=\"twitter:data1\" content=\"1 minute\" \/>\n<script type=\"application\/ld+json\" class=\"yoast-schema-graph\">{\"@context\":\"https:\/\/schema.org\",\"@graph\":[{\"@type\":\"WebPage\",\"@id\":\"https:\/\/caribbean-candle.com\/?page_id=325\",\"url\":\"https:\/\/caribbean-candle.com\/?page_id=325\",\"name\":\"Panier - CARIBBEAN CANDLE\",\"isPartOf\":{\"@id\":\"https:\/\/caribbean-candle.com\/#website\"},\"primaryImageOfPage\":{\"@id\":\"https:\/\/caribbean-candle.com\/?page_id=325#primaryimage\"},\"image\":{\"@id\":\"https:\/\/caribbean-candle.com\/?page_id=325#primaryimage\"},\"thumbnailUrl\":\"https:\/\/caribbean-candle.com\/wp-content\/uploads\/2025\/05\/5-1-1024x384.png\",\"datePublished\":\"2020-09-29T18:58:49+00:00\",\"dateModified\":\"2025-05-06T01:11:09+00:00\",\"breadcrumb\":{\"@id\":\"https:\/\/caribbean-candle.com\/?page_id=325#breadcrumb\"},\"inLanguage\":\"fr-FR\",\"potentialAction\":[{\"@type\":\"ReadAction\",\"target\":[\"https:\/\/caribbean-candle.com\/?page_id=325\"]}]},{\"@type\":\"ImageObject\",\"inLanguage\":\"fr-FR\",\"@id\":\"https:\/\/caribbean-candle.com\/?page_id=325#primaryimage\",\"url\":\"https:\/\/caribbean-candle.com\/wp-content\/uploads\/2025\/05\/5-1-scaled.png\",\"contentUrl\":\"https:\/\/caribbean-candle.com\/wp-content\/uploads\/2025\/05\/5-1-scaled.png\",\"width\":2560,\"height\":960},{\"@type\":\"BreadcrumbList\",\"@id\":\"https:\/\/caribbean-candle.com\/?page_id=325#breadcrumb\",\"itemListElement\":[{\"@type\":\"ListItem\",\"position\":1,\"name\":\"Accueil\",\"item\":\"https:\/\/caribbean-candle.com\/\"},{\"@type\":\"ListItem\",\"position\":2,\"name\":\"Panier\"}]},{\"@type\":\"WebSite\",\"@id\":\"https:\/\/caribbean-candle.com\/#website\",\"url\":\"https:\/\/caribbean-candle.com\/\",\"name\":\"CARIBBEAN CANDLE Fabrication Artisanale Bougies Fondants Parfum\u00e9s\",\"description\":\"Fabrication Artisanale Bougies Fondants Parfum\u00e9s Cire V\u00e9g\u00e9tale Naturelle\",\"publisher\":{\"@id\":\"https:\/\/caribbean-candle.com\/#organization\"},\"potentialAction\":[{\"@type\":\"SearchAction\",\"target\":{\"@type\":\"EntryPoint\",\"urlTemplate\":\"https:\/\/caribbean-candle.com\/?s={search_term_string}\"},\"query-input\":{\"@type\":\"PropertyValueSpecification\",\"valueRequired\":true,\"valueName\":\"search_term_string\"}}],\"inLanguage\":\"fr-FR\"},{\"@type\":\"Organization\",\"@id\":\"https:\/\/caribbean-candle.com\/#organization\",\"name\":\"Caribbean Candle\",\"url\":\"https:\/\/caribbean-candle.com\/\",\"logo\":{\"@type\":\"ImageObject\",\"inLanguage\":\"fr-FR\",\"@id\":\"https:\/\/caribbean-candle.com\/#\/schema\/logo\/image\/\",\"url\":\"https:\/\/caribbean-candle.com\/wp-content\/uploads\/2020\/09\/Logo-complet-ok.jpg\",\"contentUrl\":\"https:\/\/caribbean-candle.com\/wp-content\/uploads\/2020\/09\/Logo-complet-ok.jpg\",\"width\":404,\"height\":364,\"caption\":\"Caribbean Candle\"},\"image\":{\"@id\":\"https:\/\/caribbean-candle.com\/#\/schema\/logo\/image\/\"},\"sameAs\":[\"https:\/\/www.facebook.com\/Caribbean-Candle-109510090928708\",\"https:\/\/www.instagram.com\/caribbean_candle\/\"]}]}<\/script>\n<!-- \/ Yoast SEO plugin. -->","yoast_head_json":{"title":"Panier - CARIBBEAN CANDLE","robots":{"index":"index","follow":"follow","max-snippet":"max-snippet:-1","max-image-preview":"max-image-preview:large","max-video-preview":"max-video-preview:-1"},"canonical":"https:\/\/caribbean-candle.com\/?page_id=325","og_locale":"fr_FR","og_type":"article","og_title":"Panier - CARIBBEAN CANDLE","og_url":"https:\/\/caribbean-candle.com\/?page_id=325","og_site_name":"CARIBBEAN CANDLE","article_publisher":"https:\/\/www.facebook.com\/Caribbean-Candle-109510090928708","article_modified_time":"2025-05-06T01:11:09+00:00","og_image":[{"width":1024,"height":384,"url":"https:\/\/caribbean-candle.com\/wp-content\/uploads\/2025\/05\/5-1-1024x384.png","type":"image\/png"}],"twitter_card":"summary_large_image","twitter_misc":{"Dur\u00e9e de lecture estim\u00e9e":"1 minute"},"schema":{"@context":"https:\/\/schema.org","@graph":[{"@type":"WebPage","@id":"https:\/\/caribbean-candle.com\/?page_id=325","url":"https:\/\/caribbean-candle.com\/?page_id=325","name":"Panier - CARIBBEAN CANDLE","isPartOf":{"@id":"https:\/\/caribbean-candle.com\/#website"},"primaryImageOfPage":{"@id":"https:\/\/caribbean-candle.com\/?page_id=325#primaryimage"},"image":{"@id":"https:\/\/caribbean-candle.com\/?page_id=325#primaryimage"},"thumbnailUrl":"https:\/\/caribbean-candle.com\/wp-content\/uploads\/2025\/05\/5-1-1024x384.png","datePublished":"2020-09-29T18:58:49+00:00","dateModified":"2025-05-06T01:11:09+00:00","breadcrumb":{"@id":"https:\/\/caribbean-candle.com\/?page_id=325#breadcrumb"},"inLanguage":"fr-FR","potentialAction":[{"@type":"ReadAction","target":["https:\/\/caribbean-candle.com\/?page_id=325"]}]},{"@type":"ImageObject","inLanguage":"fr-FR","@id":"https:\/\/caribbean-candle.com\/?page_id=325#primaryimage","url":"https:\/\/caribbean-candle.com\/wp-content\/uploads\/2025\/05\/5-1-scaled.png","contentUrl":"https:\/\/caribbean-candle.com\/wp-content\/uploads\/2025\/05\/5-1-scaled.png","width":2560,"height":960},{"@type":"BreadcrumbList","@id":"https:\/\/caribbean-candle.com\/?page_id=325#breadcrumb","itemListElement":[{"@type":"ListItem","position":1,"name":"Accueil","item":"https:\/\/caribbean-candle.com\/"},{"@type":"ListItem","position":2,"name":"Panier"}]},{"@type":"WebSite","@id":"https:\/\/caribbean-candle.com\/#website","url":"https:\/\/caribbean-candle.com\/","name":"CARIBBEAN CANDLE Fabrication Artisanale Bougies Fondants Parfum\u00e9s","description":"Fabrication Artisanale Bougies Fondants Parfum\u00e9s Cire V\u00e9g\u00e9tale Naturelle","publisher":{"@id":"https:\/\/caribbean-candle.com\/#organization"},"potentialAction":[{"@type":"SearchAction","target":{"@type":"EntryPoint","urlTemplate":"https:\/\/caribbean-candle.com\/?s={search_term_string}"},"query-input":{"@type":"PropertyValueSpecification","valueRequired":true,"valueName":"search_term_string"}}],"inLanguage":"fr-FR"},{"@type":"Organization","@id":"https:\/\/caribbean-candle.com\/#organization","name":"Caribbean Candle","url":"https:\/\/caribbean-candle.com\/","logo":{"@type":"ImageObject","inLanguage":"fr-FR","@id":"https:\/\/caribbean-candle.com\/#\/schema\/logo\/image\/","url":"https:\/\/caribbean-candle.com\/wp-content\/uploads\/2020\/09\/Logo-complet-ok.jpg","contentUrl":"https:\/\/caribbean-candle.com\/wp-content\/uploads\/2020\/09\/Logo-complet-ok.jpg","width":404,"height":364,"caption":"Caribbean Candle"},"image":{"@id":"https:\/\/caribbean-candle.com\/#\/schema\/logo\/image\/"},"sameAs":["https:\/\/www.facebook.com\/Caribbean-Candle-109510090928708","https:\/\/www.instagram.com\/caribbean_candle\/"]}]}},"jetpack_sharing_enabled":true,"_links":{"self":[{"href":"https:\/\/caribbean-candle.com\/index.php?rest_route=\/wp\/v2\/pages\/325","targetHints":{"allow":["GET"]}}],"collection":[{"href":"https:\/\/caribbean-candle.com\/index.php?rest_route=\/wp\/v2\/pages"}],"about":[{"href":"https:\/\/caribbean-candle.com\/index.php?rest_route=\/wp\/v2\/types\/page"}],"author":[{"embeddable":true,"href":"https:\/\/caribbean-candle.com\/index.php?rest_route=\/wp\/v2\/users\/1"}],"replies":[{"embeddable":true,"href":"https:\/\/caribbean-candle.com\/index.php?rest_route=%2Fwp%2Fv2%2Fcomments&post=325"}],"version-history":[{"count":15,"href":"https:\/\/caribbean-candle.com\/index.php?rest_route=\/wp\/v2\/pages\/325\/revisions"}],"predecessor-version":[{"id":5220,"href":"https:\/\/caribbean-candle.com\/index.php?rest_route=\/wp\/v2\/pages\/325\/revisions\/5220"}],"wp:attachment":[{"href":"https:\/\/caribbean-candle.com\/index.php?rest_route=%2Fwp%2Fv2%2Fmedia&parent=325"}],"curies":[{"name":"wp","href":"https:\/\/api.w.org\/{rel}","templated":true}]}}